{"id":3940,"date":"2025-11-09T14:28:22","date_gmt":"2025-11-09T13:28:22","guid":{"rendered":"https:\/\/lubu.hu\/?page_id=3940"},"modified":"2025-11-30T12:29:47","modified_gmt":"2025-11-30T11:29:47","slug":"furdoszoba-butorok","status":"publish","type":"page","link":"https:\/\/lubu.hu\/?page_id=3940","title":{"rendered":"F\u00fcrd\u0151szoba b\u00fatorok"},"content":{"rendered":"\t\t<div data-elementor-type=\"wp-page\" data-elementor-id=\"3940\" class=\"elementor elementor-3940\">\n\t\t\t\t<div class=\"elementor-element elementor-element-c79801b e-flex e-con-boxed e-con e-parent\" data-id=\"c79801b\" data-element_type=\"container\" data-e-type=\"container\">\n\t\t\t\t\t<div class=\"e-con-inner\">\n\t\t\t\t<div class=\"elementor-element elementor-element-536994c elementor-widget elementor-widget-html\" data-id=\"536994c\" data-element_type=\"widget\" data-e-type=\"widget\" data-widget_type=\"html.default\">\n\t\t\t\t\t<!-- \u2705 T\u0170\u00c9LES, LAPOZHAT\u00d3 LIGHTBOX GAL\u00c9RIA -->\r\n<div class=\"lubu-gallery\">\r\n  <div class=\"lubu-item\"><img decoding=\"async\" src=\"https:\/\/lubu.hu\/wp-content\/uploads\/2025\/11\/thumbnail_IMG_2946.jpg\" alt=\"\"><\/div>\r\n  <div class=\"lubu-item\"><img decoding=\"async\" src=\"https:\/\/lubu.hu\/wp-content\/uploads\/2025\/11\/thumbnail_IMG_2945.jpg\" alt=\"\"><\/div>\r\n  <div class=\"lubu-item\"><img decoding=\"async\" src=\"https:\/\/lubu.hu\/wp-content\/uploads\/2025\/11\/thumbnail_IMG_0203.jpg\" alt=\"\"><\/div>\r\n  <div class=\"lubu-item\"><img decoding=\"async\" src=\"https:\/\/lubu.hu\/wp-content\/uploads\/2025\/11\/IMG_0205-scaled.jpeg\" alt=\"\"><\/div>\r\n  <div class=\"lubu-item\"><img decoding=\"async\" src=\"https:\/\/lubu.hu\/wp-content\/uploads\/2025\/11\/IMG_0199-scaled.jpeg\" alt=\"\"><\/div>\r\n  <div class=\"lubu-item\"><img decoding=\"async\" src=\"https:\/\/lubu.hu\/wp-content\/uploads\/2025\/11\/thumbnail_IMG_0202.jpg\" alt=\"\"><\/div>\r\n  <div class=\"lubu-item\"><img decoding=\"async\" src=\"https:\/\/lubu.hu\/wp-content\/uploads\/2025\/11\/thumbnail_IMG_7452.jpg\" alt=\"\"><\/div>\r\n  <div class=\"lubu-item\"><img decoding=\"async\" src=\"https:\/\/lubu.hu\/wp-content\/uploads\/2025\/11\/thumbnail_IMG_7454.jpg\" alt=\"\"><\/div>\r\n  <div class=\"lubu-item\"><img decoding=\"async\" src=\"https:\/\/lubu.hu\/wp-content\/uploads\/2025\/11\/thumbnail_IMG_7456.jpg\" alt=\"\"><\/div>\r\n  <div class=\"lubu-item\"><img decoding=\"async\" src=\"https:\/\/lubu.hu\/wp-content\/uploads\/2025\/11\/thumbnail_IMG_1691.jpg\" alt=\"\"><\/div>\r\n  <div class=\"lubu-item\"><img decoding=\"async\" src=\"https:\/\/lubu.hu\/wp-content\/uploads\/2025\/11\/thumbnail_IMG_5445.jpg\" alt=\"\"><\/div>\r\n  <div class=\"lubu-item\"><img decoding=\"async\" src=\"https:\/\/lubu.hu\/wp-content\/uploads\/2025\/11\/thumbnail_IMG_4305.jpg\" alt=\"\"><\/div>\r\n  <div class=\"lubu-item\"><img decoding=\"async\" src=\"https:\/\/lubu.hu\/wp-content\/uploads\/2025\/11\/thumbnail_IMG_4308.jpg\" alt=\"\"><\/div>\r\n  <div class=\"lubu-item\"><img decoding=\"async\" src=\"https:\/\/lubu.hu\/wp-content\/uploads\/2025\/11\/thumbnail_IMG_2271.jpg\" alt=\"\"><\/div>\r\n  \r\n<\/div>\r\n\r\n<!-- \u2705 LIGHTBOX (lapozhat\u00f3) -->\r\n<div id=\"lightbox\" class=\"lightbox\">\r\n  <span class=\"lightbox-prev\">&#10094;<\/span>\r\n  <img decoding=\"async\" src=\"\" alt=\"\">\r\n  <span class=\"lightbox-next\">&#10095;<\/span>\r\n<\/div>\r\n\r\n<style>\r\n\/* ====== GAL\u00c9RIA ALAP ====== *\/\r\n.lubu-gallery {\r\n  display: grid;\r\n  grid-template-columns: repeat(auto-fit, minmax(250px, 1fr));\r\n  gap: 20px;\r\n  padding: 30px;\r\n  background: #000;\r\n}\r\n\r\n\/* ====== K\u00c9PK\u00c1RTYA ====== *\/\r\n.lubu-item {\r\n  position: relative;\r\n  border-radius: 10px;\r\n  overflow: hidden;\r\n  cursor: zoom-in;\r\n  transition: transform 0.3s ease;\r\n}\r\n\r\n.lubu-item img {\r\n  width: 100%;\r\n  height: 240px;\r\n  object-fit: cover;\r\n  border-radius: 10px;\r\n  display: block;\r\n  transition: transform 0.3s ease;\r\n  filter: none !important;\r\n  opacity: 1 !important;\r\n\r\n  \/* \ud83d\udd39 T\u0170\u00c9LES\u00cdT\u00c9S DESKTOP + MOBIL *\/\r\n  image-rendering: -webkit-optimize-contrast;\r\n  image-rendering: crisp-edges;\r\n  backface-visibility: hidden;\r\n  transform: translateZ(0);\r\n  will-change: transform;\r\n}\r\n\r\n.lubu-item:hover {\r\n  transform: scale(1.03);\r\n}\r\n\r\n\/* ====== LIGHTBOX ST\u00cdLUS ====== *\/\r\n.lightbox {\r\n  display: none;\r\n  position: fixed;\r\n  inset: 0;\r\n  background: rgba(0, 0, 0, 0.75);\r\n  justify-content: center;\r\n  align-items: center;\r\n  z-index: 9999;\r\n  backdrop-filter: blur(3px);\r\n}\r\n\r\n.lightbox img {\r\n  max-width: 95%;\r\n  max-height: 90%;\r\n  border-radius: 8px;\r\n  box-shadow: 0 0 25px rgba(255,255,255,0.3);\r\n  cursor: zoom-out;\r\n  filter: none !important;\r\n  opacity: 1 !important;\r\n\r\n  \/* \ud83d\udd39 \u00c9LES\u00cdT\u00c9S NAGY\u00cdTOTT K\u00c9PN\u00c9L *\/\r\n  image-rendering: -webkit-optimize-contrast;\r\n  image-rendering: crisp-edges;\r\n  backface-visibility: hidden;\r\n  transform: translateZ(0);\r\n  will-change: transform;\r\n}\r\n\r\n\/* ====== LAPOZ\u00d3 NYILAK ====== *\/\r\n.lightbox-prev,\r\n.lightbox-next {\r\n  position: absolute;\r\n  top: 50%;\r\n  font-size: 50px;\r\n  color: #fff;\r\n  cursor: pointer;\r\n  user-select: none;\r\n  transform: translateY(-50%);\r\n  padding: 10px;\r\n  transition: opacity 0.3s ease;\r\n}\r\n\r\n.lightbox-prev:hover,\r\n.lightbox-next:hover {\r\n  opacity: 0.7;\r\n}\r\n\r\n.lightbox-prev { left: 30px; }\r\n.lightbox-next { right: 30px; }\r\n\r\n\/* ====== MOBIL ====== *\/\r\n@media (max-width: 768px) {\r\n  .lubu-gallery {\r\n    display: flex;\r\n    flex-direction: column; \/* \ud83d\udd39 mindig egym\u00e1s alatt mobilon *\/\r\n    padding: 15px;\r\n    gap: 15px;\r\n  }\r\n  .lubu-item img {\r\n    height: auto;\r\n    max-height: 90vh;\r\n  }\r\n  .lightbox-prev,\r\n  .lightbox-next {\r\n    font-size: 36px;\r\n  }\r\n}\r\n<\/style>\r\n\r\n<script>\r\nconst images = document.querySelectorAll('.lubu-item img');\r\nconst lightbox = document.getElementById('lightbox');\r\nconst lightboxImg = lightbox.querySelector('img');\r\nconst prev = document.querySelector('.lightbox-prev');\r\nconst next = document.querySelector('.lightbox-next');\r\n\r\nlet currentIndex = 0;\r\n\r\n\/* \ud83d\udd39 Kattint\u00e1sra lightbox megnyit\u00e1sa *\/\r\nimages.forEach((img, index) => {\r\n  img.addEventListener('click', () => {\r\n    currentIndex = index;\r\n    showImage();\r\n    lightbox.style.display = 'flex';\r\n    document.body.style.overflow = 'hidden';\r\n  });\r\n});\r\n\r\n\/* \ud83d\udd39 Lapoz\u00e1s funkci\u00f3 *\/\r\nprev.addEventListener('click', (e) => {\r\n  e.stopPropagation();\r\n  currentIndex = (currentIndex - 1 + images.length) % images.length;\r\n  showImage();\r\n});\r\nnext.addEventListener('click', (e) => {\r\n  e.stopPropagation();\r\n  currentIndex = (currentIndex + 1) % images.length;\r\n  showImage();\r\n});\r\n\r\n\/* \ud83d\udd39 Lightbox bez\u00e1r\u00e1s *\/\r\nlightbox.addEventListener('click', () => {\r\n  lightbox.style.display = 'none';\r\n  document.body.style.overflow = '';\r\n});\r\n\r\n\/* \ud83d\udd39 K\u00e9p megjelen\u00edt\u00e9se *\/\r\nfunction showImage() {\r\n  lightboxImg.src = images[currentIndex].src;\r\n}\r\n<\/script>\r\n\t\t\t\t<\/div>\n\t\t\t\t\t<\/div>\n\t\t\t\t<\/div>\n\t\t<div class=\"elementor-element elementor-element-93ae3c7 e-flex e-con-boxed e-con e-parent\" data-id=\"93ae3c7\" data-element_type=\"container\" data-e-type=\"container\">\n\t\t\t\t\t<div class=\"e-con-inner\">\n\t\t\t\t<div class=\"elementor-element elementor-element-1a4de33 elementor-widget elementor-widget-html\" data-id=\"1a4de33\" data-element_type=\"widget\" data-e-type=\"widget\" data-widget_type=\"html.default\">\n\t\t\t\t\t<!-- SEO tartalom F\u00fcrd\u0151szoba b\u00fatorok -->\r\n<style>\r\n  .seo-section {\r\n    text-align: center;\r\n    background: #000;\r\n    color: #fff;\r\n    padding: 40px 20px;\r\n    border-radius: 12px;\r\n    margin-bottom: 30px;\r\n  }\r\n  .seo-section h1 {\r\n    font-size: 36px;\r\n    font-weight: 700;\r\n    margin-bottom: 15px;\r\n    letter-spacing: 1px;\r\n    color: #f4f4f4;\r\n  }\r\n  .seo-section p {\r\n    font-size: 16px;\r\n    line-height: 1.6;\r\n    color: #ccc;\r\n    margin-bottom: 20px;\r\n  }\r\n  .seo-section .seo-link {\r\n    display: inline-block;\r\n    padding: 12px 25px;\r\n    background: #fff;\r\n    color: #111;\r\n    text-decoration: none;\r\n    font-weight: 600;\r\n    border-radius: 6px;\r\n    transition: all 0.3s ease;\r\n  }\r\n  .seo-section .seo-link:hover {\r\n    background: #e0e0e0;\r\n    transform: scale(1.05);\r\n  }\r\n<\/style>\r\n\r\n<div class=\"seo-section\">\r\n  <h1>F\u00fcrd\u0151szoba b\u00fatorok<\/h1>\r\n  <p>Letisztult, v\u00edz\u00e1ll\u00f3 \u00e9s tart\u00f3s megold\u00e1sok a nyugalom sziget\u00e9re.<\/p>\r\n  <a href=\"https:\/\/lubu.hu\/?page_id=3940\" class=\"seo-link\">R\u00e9szletek<\/a>\r\n<\/div>\r\n\t\t\t\t<\/div>\n\t\t\t\t\t<\/div>\n\t\t\t\t<\/div>\n\t\t<div class=\"elementor-element elementor-element-8f87c5c e-flex e-con-boxed e-con e-parent\" data-id=\"8f87c5c\" data-element_type=\"container\" data-e-type=\"container\">\n\t\t\t\t\t<div class=\"e-con-inner\">\n\t\t\t\t<div class=\"elementor-element elementor-element-702441c elementor-widget elementor-widget-html\" data-id=\"702441c\" data-element_type=\"widget\" data-e-type=\"widget\" data-widget_type=\"html.default\">\n\t\t\t\t\t<!-- \u2705 K\u00d6Z\u00c9PEN LOG\u00d3 \u00c9S BE\u00daSZ\u00d3 SZ\u00d6VEG -->\r\n<div class=\"footer-logo-container\">\r\n  <img decoding=\"async\" src=\"https:\/\/lubu.hu\/wp-content\/uploads\/2025\/11\/logo001-removebg-preview.png\" alt=\"Lubu.hu logo\" class=\"footer-logo\">\r\n  <span class=\"footer-text\">www.lubu.hu<\/span>\r\n<\/div>\r\n\r\n<style>\r\n\/* Kont\u00e9ner a log\u00f3nak \u00e9s sz\u00f6vegnek *\/\r\n.footer-logo-container {\r\n  background-color: #000;      \/* fekete h\u00e1tt\u00e9r *\/\r\n  display: flex;\r\n  flex-direction: column;      \/* log\u00f3 f\u00f6l\u00e9 a sz\u00f6veg *\/\r\n  align-items: center;         \/* v\u00edzszintesen k\u00f6z\u00e9pre *\/\r\n  justify-content: center;     \/* f\u00fcgg\u0151legesen k\u00f6z\u00e9pre, ha kell *\/\r\n  padding: 40px 20px;\r\n  position: relative;\r\n  overflow: hidden;\r\n}\r\n\r\n\/* Log\u00f3 st\u00edlus *\/\r\n.footer-logo {\r\n  width: 220px;\r\n  height: auto;\r\n  margin-bottom: 20px;\r\n  opacity: 0;\r\n  transform: scale(0.7);\r\n  animation: logoFadeIn 1.8s ease forwards;\r\n}\r\n\r\n\/* Be\u00fasz\u00f3 sz\u00f6veg st\u00edlus *\/\r\n.footer-text {\r\n  font-family: 'Montserrat', sans-serif;\r\n  font-size: 20px;\r\n  font-weight: 600;\r\n  color: #fff;\r\n  letter-spacing: 1px;\r\n  text-transform: lowercase;\r\n  opacity: 0;\r\n  transform: translateY(30px);\r\n  animation: textSlideIn 2s ease forwards;\r\n  animation-delay: 1s; \/* a log\u00f3 ut\u00e1n jelenik meg *\/\r\n}\r\n\r\n\/* Log\u00f3 anim\u00e1ci\u00f3 *\/\r\n@keyframes logoFadeIn {\r\n  0% { opacity: 0; transform: scale(0.7); }\r\n  70% { opacity: 1; transform: scale(1.05); }\r\n  100% { opacity: 1; transform: scale(1); }\r\n}\r\n\r\n\/* Sz\u00f6veg be\u00fasz\u00e1s anim\u00e1ci\u00f3 *\/\r\n@keyframes textSlideIn {\r\n  0% { opacity: 0; transform: translateY(30px); }\r\n  100% { opacity: 1; transform: translateY(0); }\r\n}\r\n\r\n\/* Mobilbar\u00e1t *\/\r\n@media (max-width: 768px) {\r\n  .footer-logo { width: 160px; }\r\n  .footer-text { font-size: 16px; }\r\n}\r\n<\/style>\r\n\t\t\t\t<\/div>\n\t\t\t\t\t<\/div>\n\t\t\t\t<\/div>\n\t\t\t\t<\/div>\n\t\t","protected":false},"excerpt":{"rendered":"<p>&#10094; &#10095; F\u00fcrd\u0151szoba b\u00fatorok Letisztult, v\u00edz\u00e1ll\u00f3 \u00e9s tart\u00f3s megold\u00e1sok a nyugalom sziget\u00e9re. R\u00e9szletek www.lubu.hu<\/p>\n","protected":false},"author":1,"featured_media":0,"parent":0,"menu_order":0,"comment_status":"closed","ping_status":"closed","template":"","meta":{"footnotes":""},"class_list":["post-3940","page","type-page","status-publish","hentry"],"yoast_head":"<!-- This site is optimized with the Yoast SEO plugin v26.6 - https:\/\/yoast.com\/wordpress\/plugins\/seo\/ -->\n<title>Egyedi f\u00fcrd\u0151szoba b\u00fatorok | Letisztult \u00e9s tart\u00f3s megold\u00e1sok | Lubu<\/title>\n<meta name=\"description\" content=\"Letisztult, v\u00edz\u00e1ll\u00f3 \u00e9s tart\u00f3s f\u00fcrd\u0151szoba b\u00fatorok. Min\u0151s\u00e9gi kivitelez\u00e9s, modern design \u00e9s hossz\u00fa \u00e9lettartam.\" \/>\n<meta name=\"robots\" content=\"index, follow, max-snippet:-1, max-image-preview:large, max-video-preview:-1\" \/>\n<link rel=\"canonical\" href=\"https:\/\/lubu.hu\/?page_id=3940\" \/>\n<meta property=\"og:locale\" content=\"hu_HU\" \/>\n<meta property=\"og:type\" content=\"article\" \/>\n<meta property=\"og:title\" content=\"Egyedi f\u00fcrd\u0151szoba b\u00fatorok | Letisztult \u00e9s tart\u00f3s megold\u00e1sok | Lubu\" \/>\n<meta property=\"og:description\" content=\"Letisztult, v\u00edz\u00e1ll\u00f3 \u00e9s tart\u00f3s f\u00fcrd\u0151szoba b\u00fatorok. Min\u0151s\u00e9gi kivitelez\u00e9s, modern design \u00e9s hossz\u00fa \u00e9lettartam.\" \/>\n<meta property=\"og:url\" content=\"https:\/\/lubu.hu\/?page_id=3940\" \/>\n<meta property=\"article:modified_time\" content=\"2025-11-30T11:29:47+00:00\" \/>\n<meta property=\"og:image\" content=\"https:\/\/lubu.hu\/wp-content\/uploads\/2025\/11\/thumbnail_IMG_2946.jpg\" \/>\n<meta name=\"twitter:card\" content=\"summary_large_image\" \/>\n<meta name=\"twitter:label1\" content=\"Becs\u00fclt olvas\u00e1si id\u0151\" \/>\n\t<meta name=\"twitter:data1\" content=\"7 perc\" \/>\n<script type=\"application\/ld+json\" class=\"yoast-schema-graph\">{\"@context\":\"https:\/\/schema.org\",\"@graph\":[{\"@type\":\"WebPage\",\"@id\":\"https:\/\/lubu.hu\/?page_id=3940\",\"url\":\"https:\/\/lubu.hu\/?page_id=3940\",\"name\":\"Egyedi f\u00fcrd\u0151szoba b\u00fatorok | Letisztult \u00e9s tart\u00f3s megold\u00e1sok | Lubu\",\"isPartOf\":{\"@id\":\"https:\/\/lubu.hu\/#website\"},\"primaryImageOfPage\":{\"@id\":\"https:\/\/lubu.hu\/?page_id=3940#primaryimage\"},\"image\":{\"@id\":\"https:\/\/lubu.hu\/?page_id=3940#primaryimage\"},\"thumbnailUrl\":\"https:\/\/lubu.hu\/wp-content\/uploads\/2025\/11\/thumbnail_IMG_2946.jpg\",\"datePublished\":\"2025-11-09T13:28:22+00:00\",\"dateModified\":\"2025-11-30T11:29:47+00:00\",\"description\":\"Letisztult, v\u00edz\u00e1ll\u00f3 \u00e9s tart\u00f3s f\u00fcrd\u0151szoba b\u00fatorok. Min\u0151s\u00e9gi kivitelez\u00e9s, modern design \u00e9s hossz\u00fa \u00e9lettartam.\",\"breadcrumb\":{\"@id\":\"https:\/\/lubu.hu\/?page_id=3940#breadcrumb\"},\"inLanguage\":\"hu\",\"potentialAction\":[{\"@type\":\"ReadAction\",\"target\":[\"https:\/\/lubu.hu\/?page_id=3940\"]}]},{\"@type\":\"ImageObject\",\"inLanguage\":\"hu\",\"@id\":\"https:\/\/lubu.hu\/?page_id=3940#primaryimage\",\"url\":\"https:\/\/lubu.hu\/wp-content\/uploads\/2025\/11\/thumbnail_IMG_2946.jpg\",\"contentUrl\":\"https:\/\/lubu.hu\/wp-content\/uploads\/2025\/11\/thumbnail_IMG_2946.jpg\",\"width\":900,\"height\":1200},{\"@type\":\"BreadcrumbList\",\"@id\":\"https:\/\/lubu.hu\/?page_id=3940#breadcrumb\",\"itemListElement\":[{\"@type\":\"ListItem\",\"position\":1,\"name\":\"Kezd\u0151lap\",\"item\":\"https:\/\/lubu.hu\/\"},{\"@type\":\"ListItem\",\"position\":2,\"name\":\"F\u00fcrd\u0151szoba b\u00fatorok\"}]},{\"@type\":\"WebSite\",\"@id\":\"https:\/\/lubu.hu\/#website\",\"url\":\"https:\/\/lubu.hu\/\",\"name\":\"lubu.hu\",\"description\":\"\",\"publisher\":{\"@id\":\"https:\/\/lubu.hu\/#\/schema\/person\/d6d149ba5b76e39edaa9e71d68ef076a\"},\"potentialAction\":[{\"@type\":\"SearchAction\",\"target\":{\"@type\":\"EntryPoint\",\"urlTemplate\":\"https:\/\/lubu.hu\/?s={search_term_string}\"},\"query-input\":{\"@type\":\"PropertyValueSpecification\",\"valueRequired\":true,\"valueName\":\"search_term_string\"}}],\"inLanguage\":\"hu\"},{\"@type\":[\"Person\",\"Organization\"],\"@id\":\"https:\/\/lubu.hu\/#\/schema\/person\/d6d149ba5b76e39edaa9e71d68ef076a\",\"name\":\"lukacspeter@outlook.hu\",\"image\":{\"@type\":\"ImageObject\",\"inLanguage\":\"hu\",\"@id\":\"https:\/\/lubu.hu\/#\/schema\/person\/image\/\",\"url\":\"https:\/\/secure.gravatar.com\/avatar\/ce258f504fc85a258d807f19cecbc60528ed4c8863a94cd7b1163667544bf084?s=96&d=mm&r=g\",\"contentUrl\":\"https:\/\/secure.gravatar.com\/avatar\/ce258f504fc85a258d807f19cecbc60528ed4c8863a94cd7b1163667544bf084?s=96&d=mm&r=g\",\"caption\":\"lukacspeter@outlook.hu\"},\"logo\":{\"@id\":\"https:\/\/lubu.hu\/#\/schema\/person\/image\/\"},\"sameAs\":[\"http:\/\/lubu.hu\"]}]}<\/script>\n<!-- \/ Yoast SEO plugin. -->","yoast_head_json":{"title":"Egyedi f\u00fcrd\u0151szoba b\u00fatorok | Letisztult \u00e9s tart\u00f3s megold\u00e1sok | Lubu","description":"Letisztult, v\u00edz\u00e1ll\u00f3 \u00e9s tart\u00f3s f\u00fcrd\u0151szoba b\u00fatorok. Min\u0151s\u00e9gi kivitelez\u00e9s, modern design \u00e9s hossz\u00fa \u00e9lettartam.","robots":{"index":"index","follow":"follow","max-snippet":"max-snippet:-1","max-image-preview":"max-image-preview:large","max-video-preview":"max-video-preview:-1"},"canonical":"https:\/\/lubu.hu\/?page_id=3940","og_locale":"hu_HU","og_type":"article","og_title":"Egyedi f\u00fcrd\u0151szoba b\u00fatorok | Letisztult \u00e9s tart\u00f3s megold\u00e1sok | Lubu","og_description":"Letisztult, v\u00edz\u00e1ll\u00f3 \u00e9s tart\u00f3s f\u00fcrd\u0151szoba b\u00fatorok. Min\u0151s\u00e9gi kivitelez\u00e9s, modern design \u00e9s hossz\u00fa \u00e9lettartam.","og_url":"https:\/\/lubu.hu\/?page_id=3940","article_modified_time":"2025-11-30T11:29:47+00:00","og_image":[{"url":"https:\/\/lubu.hu\/wp-content\/uploads\/2025\/11\/thumbnail_IMG_2946.jpg","type":"","width":"","height":""}],"twitter_card":"summary_large_image","twitter_misc":{"Becs\u00fclt olvas\u00e1si id\u0151":"7 perc"},"schema":{"@context":"https:\/\/schema.org","@graph":[{"@type":"WebPage","@id":"https:\/\/lubu.hu\/?page_id=3940","url":"https:\/\/lubu.hu\/?page_id=3940","name":"Egyedi f\u00fcrd\u0151szoba b\u00fatorok | Letisztult \u00e9s tart\u00f3s megold\u00e1sok | Lubu","isPartOf":{"@id":"https:\/\/lubu.hu\/#website"},"primaryImageOfPage":{"@id":"https:\/\/lubu.hu\/?page_id=3940#primaryimage"},"image":{"@id":"https:\/\/lubu.hu\/?page_id=3940#primaryimage"},"thumbnailUrl":"https:\/\/lubu.hu\/wp-content\/uploads\/2025\/11\/thumbnail_IMG_2946.jpg","datePublished":"2025-11-09T13:28:22+00:00","dateModified":"2025-11-30T11:29:47+00:00","description":"Letisztult, v\u00edz\u00e1ll\u00f3 \u00e9s tart\u00f3s f\u00fcrd\u0151szoba b\u00fatorok. Min\u0151s\u00e9gi kivitelez\u00e9s, modern design \u00e9s hossz\u00fa \u00e9lettartam.","breadcrumb":{"@id":"https:\/\/lubu.hu\/?page_id=3940#breadcrumb"},"inLanguage":"hu","potentialAction":[{"@type":"ReadAction","target":["https:\/\/lubu.hu\/?page_id=3940"]}]},{"@type":"ImageObject","inLanguage":"hu","@id":"https:\/\/lubu.hu\/?page_id=3940#primaryimage","url":"https:\/\/lubu.hu\/wp-content\/uploads\/2025\/11\/thumbnail_IMG_2946.jpg","contentUrl":"https:\/\/lubu.hu\/wp-content\/uploads\/2025\/11\/thumbnail_IMG_2946.jpg","width":900,"height":1200},{"@type":"BreadcrumbList","@id":"https:\/\/lubu.hu\/?page_id=3940#breadcrumb","itemListElement":[{"@type":"ListItem","position":1,"name":"Kezd\u0151lap","item":"https:\/\/lubu.hu\/"},{"@type":"ListItem","position":2,"name":"F\u00fcrd\u0151szoba b\u00fatorok"}]},{"@type":"WebSite","@id":"https:\/\/lubu.hu\/#website","url":"https:\/\/lubu.hu\/","name":"lubu.hu","description":"","publisher":{"@id":"https:\/\/lubu.hu\/#\/schema\/person\/d6d149ba5b76e39edaa9e71d68ef076a"},"potentialAction":[{"@type":"SearchAction","target":{"@type":"EntryPoint","urlTemplate":"https:\/\/lubu.hu\/?s={search_term_string}"},"query-input":{"@type":"PropertyValueSpecification","valueRequired":true,"valueName":"search_term_string"}}],"inLanguage":"hu"},{"@type":["Person","Organization"],"@id":"https:\/\/lubu.hu\/#\/schema\/person\/d6d149ba5b76e39edaa9e71d68ef076a","name":"lukacspeter@outlook.hu","image":{"@type":"ImageObject","inLanguage":"hu","@id":"https:\/\/lubu.hu\/#\/schema\/person\/image\/","url":"https:\/\/secure.gravatar.com\/avatar\/ce258f504fc85a258d807f19cecbc60528ed4c8863a94cd7b1163667544bf084?s=96&d=mm&r=g","contentUrl":"https:\/\/secure.gravatar.com\/avatar\/ce258f504fc85a258d807f19cecbc60528ed4c8863a94cd7b1163667544bf084?s=96&d=mm&r=g","caption":"lukacspeter@outlook.hu"},"logo":{"@id":"https:\/\/lubu.hu\/#\/schema\/person\/image\/"},"sameAs":["http:\/\/lubu.hu"]}]}},"_links":{"self":[{"href":"https:\/\/lubu.hu\/index.php?rest_route=\/wp\/v2\/pages\/3940","targetHints":{"allow":["GET"]}}],"collection":[{"href":"https:\/\/lubu.hu\/index.php?rest_route=\/wp\/v2\/pages"}],"about":[{"href":"https:\/\/lubu.hu\/index.php?rest_route=\/wp\/v2\/types\/page"}],"author":[{"embeddable":true,"href":"https:\/\/lubu.hu\/index.php?rest_route=\/wp\/v2\/users\/1"}],"replies":[{"embeddable":true,"href":"https:\/\/lubu.hu\/index.php?rest_route=%2Fwp%2Fv2%2Fcomments&post=3940"}],"version-history":[{"count":70,"href":"https:\/\/lubu.hu\/index.php?rest_route=\/wp\/v2\/pages\/3940\/revisions"}],"predecessor-version":[{"id":5125,"href":"https:\/\/lubu.hu\/index.php?rest_route=\/wp\/v2\/pages\/3940\/revisions\/5125"}],"wp:attachment":[{"href":"https:\/\/lubu.hu\/index.php?rest_route=%2Fwp%2Fv2%2Fmedia&parent=3940"}],"curies":[{"name":"wp","href":"https:\/\/api.w.org\/{rel}","templated":true}]}}